mmon factor of 78 and u?
26
Suppose 0 = -186*f + 209*f - 462 - 1539. Calculate the highest common factor of 1421 and f.
29
Let d = -7238 + 7278. Let c(l) be the first derivative of -l**3/3 - 13*l**2/2 - 14*l + 4. Let g be c(-11). What is the highest common factor of g and d?
8
Let y be (-20)/16*(1 + -133). Suppose 6*f - y = 1785. Calculate the greatest common factor of 13 and f.
13
Let v = 155 - 16. Suppose 0 = v*y - 136*y - 798. Calculate the greatest common factor of y and 28.
14
Let r be ((-1 - 3) + 105/12)*(57 + -9). Calculate the highest common factor of 396 and r.
12
Let n be ((-1140)/475)/(1/(-65)). Calculate the highest common factor of 5052 and n.
12
Suppose 309*a = 145*a + 33292. Calculate the highest common divisor of 5249 and a.
29
Suppose -11*d + 12*d - 693 = 0. Suppose c - d = -2*c. Let a = c + -44. Calculate the greatest common factor of a and 17.
17
Let a = -4524 + 9768. Suppose 0 = -18*u + a + 8472. Calculate the greatest common divisor of u and 6.
6
Suppose -2*i = -i - 5. Suppose 83*d = -308351 + 311256. What is the highest common divisor of d and i?
5
Let c = -22814 - -23334. Calculate the highest common factor of c and 2405.
65
Let p(s) = 70*s**3 + s**2 - 17*s + 36. Let h be p(2). Let d = h + -437. Calculate the greatest common divisor of d and 172.
43
Suppose 680*o - 674*o - 14664 = 0. What is the greatest common divisor of o and 940?
188
Let k be (0 + 3)/(24/32). Suppose 0*y - 5*y = k*s - 10, 5*s + 2*y - 4 = 0. Suppose -15*t + 37 + 53 = s. What is the greatest common factor of 6 and t?
6
Let o be -8 - -11 - 0 - (2 + 1018/(-2)). What is the highest common divisor of o and 3230?
170
Let z(i) = 19*i**2 + i + 15. Let f be z(-5). Suppose 11*k - 16*k + 185 = 0. Suppose -f = -8*n - k. What is the highest common divisor of n and 14?
14
Let k be ((-2)/6)/(2744/(-210) - -13). Calculate the highest common factor of k and 3355.
5
Suppose 4*n + 0 = 16. Let f = 38 + -38. Suppose -n*j = 2*t - 96, 4*t - j - 219 = -f*t. Calculate the highest common divisor of 6 and t.
6
Let r(c) = 5*c**2 + 118*c - 488. Let b be r(4). Calculate the highest common divisor of b and 248.
8
Let q be (-15)/(-17) + -1*(-10)/85. Let k be 0/2 + (-14)/(-1). Suppose -5*l = -5*f - 31 - k, 0 = 5*f + 15. What is the highest common factor of l and q?
1
Let p(k) = -63*k**3 + 4*k**2 - 2*k - 2. Let b be p(1). Let c be (-9)/(162/b)*(-24)/(-14). What is the highest common factor of c and 750?
6
Suppose 4444 = 55*v - 3440 + 1944. What is the greatest common divisor of v and 14013?
27
Suppose -11010 - 17447 - 19248 = -47*g. Calculate the greatest common factor of g and 1855.
35
Suppose -21*k + 25*k = -i + 2445, -4*i + k + 9848 = 0. What is the highest common factor of i and 107?
107
Let s(p) = 6205*p + 3604. Let w be s(9). What is the greatest common factor of 13 and w?
13
Let s(f) = 5*f**3 - 9*f**2 + 14*f + 103. Let g be s(7). What is the highest common factor of 25 and g?
25
Suppose 0 = 315*t - 198 - 21852. Calculate the greatest common factor of 810 and t.
10
Suppose 4*r - 3283 = -2*i + 2839, r - 1528 = 2*i. Calculate the highest common factor of 630 and r.
90
Let l(x) = 5*x**2 - 22*x + 189. Let b be l(10). Suppose 37 = i + 3*z - 45, i - 62 = z. What is the highest common divisor of i and b?
67
Let n be (-11)/((-66)/8)*66/4. Let o be (16/(-10))/(n/(-55)). Calculate the highest common divisor of o and 13.
1
Let c be 5/(-40) + (-3414580)/(-416). Calculate the greatest common factor of c and 162.
54
Suppose 30*x = -33*x + 91*x - 1120. What is the greatest common factor of x and 1784?
8
Let j = 77 - 35. Suppose i - 207 = -j. Suppose 335 = 5*g - f, -5*g + 162 + 193 = -5*f. Calculate the greatest common factor of i and g.
33
Let j = 14 - -138. Suppose 148*l = j*l - 12. Suppose -6 = 2*o, -g + 26 = -2*o - 7. Calculate the highest common factor of l and g.
3
Suppose 0 = 2*u + 3*x + 1039, u + 5*x + 493 = -30. Let w = -410 - u. Calculate the highest common factor of 24 and w.
12
Let a(z) = z**2 - z - 56. Let l be a(0). Let y = 15 + -37. Let c = y - l. Calculate the greatest common factor of c and 68.
34
Suppose -t + 25 = -5*f - 4, -57 = -5*t + 3*f. Suppose 2*m - 4 = -0. Let a be (5 - 1) + (m - 5). What is the highest common divisor of t and a?
1
Let k be (-1)/7 - (-5822)/574. Calculate the greatest common divisor of k and 655.
5
Let d = -1047 - -1108. What is the greatest common factor of d and 1403?
61
Let s be (-1)/(114/(-2292)) - (-2 - 160/(-76)). Calculate the greatest common factor of 80 and s.
20
Let u(t) = t**2 - 6*t - 1. Let r be u(6). Let x = 15 - r. Suppose 2*m - 16 = x. What is the highest common factor of m and 64?
16
Suppose 0 = 5*f - q - 137, -2*f - q + 71 = 4*q. Let n = 2809 + -2789. What is the highest common factor of n and f?
4
Let h(f) = -103*f - 1. Let i be h(-1). Let l = -246 + -55. Let v = 318 + l. Calculate the highest common factor of v and i.
17
Let j be 102/68 - (-445)/10. Calculate the highest common divisor of 9798 and j.
46
Let w(z) = 6*z**2 + 2*z - 1. Let s be w(2). Let u = 45 - s. Let g = 14 - -31. Calculate the greatest common factor of u and g.
9
Let f = 546 - 343. Suppose -5*d = -4*g + 91, -16*g + 13*g + 72 = -3*d. Calculate the greatest common divisor of f and g.
29
Suppose -28*m + 20*m = -1344. Let j = m - 159. What is the greatest common factor of 42 and j?
3
Let f(w) = -2*w**3 + 55*w**2 - 25*w - 25. Let t be f(27). What is the highest common divisor of t and 4147?
29
Suppose -10*j + 361 = 21. Suppose 3*l = -n - 6, -2*l - 3*l = -3*n - 32. Let y be (52/(-6) - -3)*n. What is the greatest common divisor of j and y?
17
Let p be ((-5)/(-3))/((-135)/(-105462)). What is the highest common factor of 42 and p?
42
Suppose -25*v + 28*v = -3*b + 18, -3*v - 4*b + 12 = 0. What is the greatest common factor of 1866 and v?
6
Suppose -2*f + 3772 = 3*x, 55*f - 1886 = 54*f - 3*x. What is the greatest common divisor of 138 and f?
46
Suppose 384*s - 389*s - 2160 = 0. Let g be ((-5)/(5/(-798)))/(s/(-288)). Calculate the greatest common factor of 56 and g.
28
Let t be 30/(-12)*(-40)/25. Suppose -4*s + 6660 = 5*r, -t*s - 4074 = -2*r - 1410. Calculate the greatest common factor of r and 18.
18
Let y(h) = -75*h - 3353. Let n be y(-97). Calculate the highest common factor of n and 106.
106
Suppose 1 + 11 = -3*n, 4*u - 2*n = 20. Suppose -u*m + 644 = 4*p, 2*p + 12 = -p. Calculate the highest common divisor of 20 and m.
20
Suppose -f - 417 = -3*k, 10*f - 507 = -4*k + 117. What is the greatest common factor of 4 and k?
1
Suppose 425 - 1615 = -5*y. Suppose 5*x = b + 12*x - 56, 2*b - 52 = -4*x. What is the greatest common factor of y and b?
14
Let m be -1 - (417/1)/(-1). Suppose -11*h + 222 + 350 = 0. Calculate the highest common factor of h and m.
52
Let l(y) = 3*y - 39. Let h(v) = -4*v + 38. Let s(o) = -2*h(o) - 3*l(o). Let m be s(12). Let k = 41 - m. Calculate the highest common divisor of k and 96.
12
Let n(u) = 2*u + 21. Let x be n(-9). Suppose x*q - 211 = -190. What is the highest common divisor of q and 2?
1
Let q(r) = 91*r + 469. Let g be q(-3). What is the highest common factor of g and 532?
28
Let r = -327 + 302. Let o be (13/2)/(r/(-50)). Calculate the greatest common divisor of o and 104.
13
Let g = -189 + 385. What is the highest common factor of g and 56?
28
Let q be 9*4/12*35/15. Let a be 1278/20 - -1*q/70. Calculate the highest common factor of a and 4.
4
Suppose -396*h - 1483*h = -4947 - 30754. Let p = 65 + 638. What is the greatest common factor of p and h?
19
Let i be (-1763)/(-5) + (62/(-465))/((-4)/(-18)). Calculate the greatest common factor of 1012 and i.
44
Let i be (-13)/((-1989)/1904715) - 4/34. Suppose i = 19*n - 7007. Calculate the greatest common divisor of n and 32.
32
Let l(r) be the second derivative of 5*r**3/3 + 103*r**2 - 216*r. Let j be l(-15). Calculate the highest common divisor of j and 364.
28
Let q(c) = -c**3 + 2*c**2 - 4*c + 304. Let y be q(0). Calculate the greatest common divisor of y and 256.
16
Suppose x + 306*k = 309*k + 12594, 0 = -2*x + 4*k + 25200. What is the greatest common factor of x and 24?
12
Let z = 440 + -633. Let g = -187 - z. Calculate the highest common divisor of g and 3.
3
Let l(y) = y**2 + y - 1. Let k(b) = 6*b**2 - 15*b - 3. Let z(t) = -2*k(t) + 10*l(t). Let x be z(12). Calculate the greatest common divisor of x